{"id":1669,"date":"2020-03-30T10:26:16","date_gmt":"2020-03-30T07:26:16","guid":{"rendered":"http:\/\/www.iron-horse.bike\/?page_id=1669"},"modified":"2022-05-04T08:53:31","modified_gmt":"2022-05-04T05:53:31","slug":"huoltorekka","status":"publish","type":"page","link":"https:\/\/www.iron-horse.bike\/?page_id=1669","title":{"rendered":"Huoltorekka"},"content":{"rendered":"<div id=\"pl-1669\"  class=\"panel-layout\" ><div id=\"pg-1669-0\"  class=\"panel-grid panel-no-style\" ><div id=\"pgc-1669-0-0\"  class=\"panel-grid-cell\" ><div id=\"panel-1669-0-0-0\" class=\"so-panel widget widget_text panel-first-child panel-last-child\" data-index=\"0\" >\t\t\t<div class=\"textwidget\"><p>Tarjoamme huoltopalveluitamme my\u00f6s eri tapahtumissa. T\u00e4t\u00e4 varten olemme rakentaneet liikkuvan korjaamon joka siirtyy n\u00e4pp\u00e4r\u00e4sti mm. kokoontumisajoihin. Korjaamossa onnistuu likimain kaikki mit\u00e4 my\u00f6s kiinte\u00e4ss\u00e4 korjaamossakin. Mukana kulkee kattava varasto varaosia, renkaita, hihnoja sek\u00e4 laaja ty\u00f6kaluarsenaali. Autossa l\u00f6ytyy hitsausvermeet, rengaskoneet, paineilma, diagnostiikka- sek\u00e4 s\u00e4\u00e4t\u00f6laitteisto sek\u00e4 erilaiset testerit. Luonnollisesti virtaa saadaan laitteille agrikaatista ja korjaukset voidaan tehd\u00e4 my\u00f6s tien varrella jos tarve vaatii. Enimm\u00e4kseen varaosien ja tarvikkeiden osalta olemme varautuneet meid\u00e4n p\u00e4\u00e4merkkiin Harley-Davidsoniin, mutta my\u00f6s muut merkit ovat saaneet apua huoltorekasta.<\/p>\n<\/div>\n\t\t<\/div><\/div><div id=\"pgc-1669-0-1\"  class=\"panel-grid-cell\" ><div id=\"panel-1669-0-1-0\" class=\"so-panel widget widget_media_image panel-first-child panel-last-child\" data-index=\"1\" ><img loading=\"lazy\" decoding=\"async\" width=\"1024\" height=\"574\" src=\"https:\/\/www.iron-horse.bike\/wp-content\/uploads\/119037960_4327009017340602_4977132385828912638_n-1024x574.jpg\" class=\"image wp-image-1732  attachment-large size-large\" alt=\"\" style=\"max-width: 100%; height: auto;\" srcset=\"https:\/\/www.iron-horse.bike\/wp-content\/uploads\/119037960_4327009017340602_4977132385828912638_n-1024x574.jpg 1024w, https:\/\/www.iron-horse.bike\/wp-content\/uploads\/119037960_4327009017340602_4977132385828912638_n-300x168.jpg 300w, https:\/\/www.iron-horse.bike\/wp-content\/uploads\/119037960_4327009017340602_4977132385828912638_n-768x431.jpg 768w, https:\/\/www.iron-horse.bike\/wp-content\/uploads\/119037960_4327009017340602_4977132385828912638_n.jpg 1819w\" sizes=\"auto, (max-width: 1024px) 100vw, 1024px\" \/><\/div><\/div><\/div><div id=\"pg-1669-1\"  class=\"panel-grid panel-no-style\" ><div id=\"pgc-1669-1-0\"  class=\"panel-grid-cell\" ><div id=\"panel-1669-1-0-0\" class=\"so-panel widget widget_media_image panel-first-child panel-last-child\" data-index=\"2\" ><img loading=\"lazy\" decoding=\"async\" width=\"768\" height=\"1024\" src=\"https:\/\/www.iron-horse.bike\/wp-content\/uploads\/119001631_4328834630491374_4386782160921992432_n-768x1024.jpg\" class=\"image wp-image-1739  attachment-large size-large\" alt=\"\" style=\"max-width: 100%; height: auto;\" srcset=\"https:\/\/www.iron-horse.bike\/wp-content\/uploads\/119001631_4328834630491374_4386782160921992432_n-768x1024.jpg 768w, https:\/\/www.iron-horse.bike\/wp-content\/uploads\/119001631_4328834630491374_4386782160921992432_n-225x300.jpg 225w, https:\/\/www.iron-horse.bike\/wp-content\/uploads\/119001631_4328834630491374_4386782160921992432_n.jpg 1418w\" sizes=\"auto, (max-width: 768px) 100vw, 768px\" \/><\/div><\/div><div id=\"pgc-1669-1-1\"  class=\"panel-grid-cell\" ><div id=\"panel-1669-1-1-0\" class=\"so-panel widget widget_text panel-first-child panel-last-child\" data-index=\"3\" ><h3 class=\"widget-title\">Muu k\u00e4ytt\u00f6<\/h3>\t\t\t<div class=\"textwidget\"><p>Sesongin ulkopuolella huoltorekkamme palvelee my\u00f6s muussa k\u00e4yt\u00f6ss\u00e4. Kierr\u00e4mme auton kanssa l\u00e4hialueiden kouluissa kertomassa lapsille miten raskas kalusto olisi hyv\u00e4 huomioida liikenteess\u00e4 ja samalla p\u00e4\u00e4see lapset tekem\u00e4\u00e4n omia havaintojaan ohjaamosta k\u00e4sin. Kiersimme my\u00f6s koronapandemian aikaan palvelukodeissa tekem\u00e4ss\u00e4 Jouluesityksi\u00e4 paikallisten artistien kanssa.<\/p>\n<\/div>\n\t\t<\/div><\/div><div id=\"pgc-1669-1-2\"  class=\"panel-grid-cell\" ><div id=\"panel-1669-1-2-0\" class=\"so-panel widget widget_media_image panel-first-child panel-last-child\" data-index=\"4\" ><img loading=\"lazy\" decoding=\"async\" width=\"1024\" height=\"683\" src=\"https:\/\/www.iron-horse.bike\/wp-content\/uploads\/131435888_4781244705250362_2778197057022061894_n-1024x683.jpg\" class=\"image wp-image-1737  attachment-large size-large\" alt=\"\" style=\"max-width: 100%; height: auto;\" srcset=\"https:\/\/www.iron-horse.bike\/wp-content\/uploads\/131435888_4781244705250362_2778197057022061894_n-1024x683.jpg 1024w, https:\/\/www.iron-horse.bike\/wp-content\/uploads\/131435888_4781244705250362_2778197057022061894_n-300x200.jpg 300w, https:\/\/www.iron-horse.bike\/wp-content\/uploads\/131435888_4781244705250362_2778197057022061894_n-768x512.jpg 768w, https:\/\/www.iron-horse.bike\/wp-content\/uploads\/131435888_4781244705250362_2778197057022061894_n-600x400.jpg 600w, https:\/\/www.iron-horse.bike\/wp-content\/uploads\/131435888_4781244705250362_2778197057022061894_n.jpg 1944w\" sizes=\"auto, (max-width: 1024px) 100vw, 1024px\" \/><\/div><\/div><\/div><div id=\"pg-1669-2\"  class=\"panel-grid panel-no-style\" ><div id=\"pgc-1669-2-0\"  class=\"panel-grid-cell\" ><div id=\"panel-1669-2-0-0\" class=\"so-panel widget widget_media_image panel-first-child panel-last-child\" data-index=\"5\" ><img loading=\"lazy\" decoding=\"async\" width=\"1024\" height=\"683\" src=\"https:\/\/www.iron-horse.bike\/wp-content\/uploads\/AD1V0433-1024x683.jpg\" class=\"image wp-image-1814  attachment-large size-large\" alt=\"\" style=\"max-width: 100%; height: auto;\" srcset=\"https:\/\/www.iron-horse.bike\/wp-content\/uploads\/AD1V0433-1024x683.jpg 1024w, https:\/\/www.iron-horse.bike\/wp-content\/uploads\/AD1V0433-300x200.jpg 300w, https:\/\/www.iron-horse.bike\/wp-content\/uploads\/AD1V0433-768x512.jpg 768w, https:\/\/www.iron-horse.bike\/wp-content\/uploads\/AD1V0433-600x400.jpg 600w\" sizes=\"auto, (max-width: 1024px) 100vw, 1024px\" \/><\/div><\/div><div id=\"pgc-1669-2-1\"  class=\"panel-grid-cell\" ><div id=\"panel-1669-2-1-0\" class=\"so-panel widget widget_media_image panel-first-child panel-last-child\" data-index=\"6\" ><img loading=\"lazy\" decoding=\"async\" width=\"1024\" height=\"575\" src=\"https:\/\/www.iron-horse.bike\/wp-content\/uploads\/DJI_0370-1024x575.jpg\" class=\"image wp-image-1818  attachment-large size-large\" alt=\"\" style=\"max-width: 100%; height: auto;\" srcset=\"https:\/\/www.iron-horse.bike\/wp-content\/uploads\/DJI_0370-1024x575.jpg 1024w, https:\/\/www.iron-horse.bike\/wp-content\/uploads\/DJI_0370-300x169.jpg 300w, https:\/\/www.iron-horse.bike\/wp-content\/uploads\/DJI_0370-768x431.jpg 768w\" sizes=\"auto, (max-width: 1024px) 100vw, 1024px\" \/><\/div><\/div><\/div><\/div>","protected":false},"excerpt":{"rendered":"<p>Tarjoamme huoltopalveluitamme my\u00f6s eri tapahtumissa. T\u00e4t\u00e4 varten olemme rakentaneet liikkuvan korjaamon joka siirtyy n\u00e4pp\u00e4r\u00e4sti mm. kokoontumisajoihin. Korjaamossa onnistuu likimain kaikki mit\u00e4 my\u00f6s kiinte\u00e4ss\u00e4 korjaamossakin. Mukana kulkee kattava varasto varaosia, renkaita, hihnoja sek\u00e4 laaja ty\u00f6kaluarsenaali. Autossa l\u00f6ytyy hitsausvermeet, rengaskoneet, paineilma, diagnostiikka- sek\u00e4 s\u00e4\u00e4t\u00f6laitteisto sek\u00e4 erilaiset testerit. Luonnollisesti virtaa saadaan laitteille agrikaatista ja korjaukset voidaan tehd\u00e4 my\u00f6s [&hellip;]<\/p>\n<p class=\"more-link style2\"><a href=\"https:\/\/www.iron-horse.bike\/?page_id=1669\"  class=\"themebutton\"><span class=\"more-text\">READ MORE<\/span><span class=\"more-icon\"><i class=\"fa fa-angle-right fa-lg\"><\/i><\/span><\/a><\/p>\n","protected":false},"author":1,"featured_media":1727,"parent":0,"menu_order":0,"comment_status":"closed","ping_status":"closed","template":"","meta":{"footnotes":""},"categories":[],"tags":[],"class_list":["post-1669","page","type-page","status-publish","has-post-thumbnail","hentry"],"_links":{"self":[{"href":"https:\/\/www.iron-horse.bike\/index.php?rest_route=\/wp\/v2\/pages\/1669","targetHints":{"allow":["GET"]}}],"collection":[{"href":"https:\/\/www.iron-horse.bike\/index.php?rest_route=\/wp\/v2\/pages"}],"about":[{"href":"https:\/\/www.iron-horse.bike\/index.php?rest_route=\/wp\/v2\/types\/page"}],"author":[{"embeddable":true,"href":"https:\/\/www.iron-horse.bike\/index.php?rest_route=\/wp\/v2\/users\/1"}],"replies":[{"embeddable":true,"href":"https:\/\/www.iron-horse.bike\/index.php?rest_route=%2Fwp%2Fv2%2Fcomments&post=1669"}],"version-history":[{"count":12,"href":"https:\/\/www.iron-horse.bike\/index.php?rest_route=\/wp\/v2\/pages\/1669\/revisions"}],"predecessor-version":[{"id":1820,"href":"https:\/\/www.iron-horse.bike\/index.php?rest_route=\/wp\/v2\/pages\/1669\/revisions\/1820"}],"wp:featuredmedia":[{"embeddable":true,"href":"https:\/\/www.iron-horse.bike\/index.php?rest_route=\/wp\/v2\/media\/1727"}],"wp:attachment":[{"href":"https:\/\/www.iron-horse.bike\/index.php?rest_route=%2Fwp%2Fv2%2Fmedia&parent=1669"}],"wp:term":[{"taxonomy":"category","embeddable":true,"href":"https:\/\/www.iron-horse.bike\/index.php?rest_route=%2Fwp%2Fv2%2Fcategories&post=1669"},{"taxonomy":"post_tag","embeddable":true,"href":"https:\/\/www.iron-horse.bike\/index.php?rest_route=%2Fwp%2Fv2%2Ftags&post=1669"}],"curies":[{"name":"wp","href":"https:\/\/api.w.org\/{rel}","templated":true}]}}