{"id":1724,"date":"2021-05-16T18:43:34","date_gmt":"2021-05-16T15:43:34","guid":{"rendered":"http:\/\/www.iron-horse.bike\/?page_id=1724"},"modified":"2025-02-26T15:13:23","modified_gmt":"2025-02-26T13:13:23","slug":"kalusto","status":"publish","type":"page","link":"https:\/\/www.iron-horse.bike\/?page_id=1724","title":{"rendered":"Kalusto"},"content":{"rendered":"<div id=\"pl-1724\"  class=\"panel-layout\" ><div id=\"pg-1724-0\"  class=\"panel-grid panel-no-style\" ><div id=\"pgc-1724-0-0\"  class=\"panel-grid-cell\" ><div id=\"panel-1724-0-0-0\" class=\"so-panel widget widget_media_image panel-first-child\" data-index=\"0\" ><img loading=\"lazy\" decoding=\"async\" width=\"1024\" height=\"576\" src=\"https:\/\/www.iron-horse.bike\/wp-content\/uploads\/FB_IMG_1728888174793-1024x576.jpg\" class=\"image wp-image-2087  attachment-large size-large\" alt=\"\" style=\"max-width: 100%; height: auto;\" srcset=\"https:\/\/www.iron-horse.bike\/wp-content\/uploads\/FB_IMG_1728888174793-1024x576.jpg 1024w, https:\/\/www.iron-horse.bike\/wp-content\/uploads\/FB_IMG_1728888174793-300x169.jpg 300w, https:\/\/www.iron-horse.bike\/wp-content\/uploads\/FB_IMG_1728888174793-768x432.jpg 768w, https:\/\/www.iron-horse.bike\/wp-content\/uploads\/FB_IMG_1728888174793.jpg 1080w\" sizes=\"auto, (max-width: 1024px) 100vw, 1024px\" \/><\/div><div id=\"panel-1724-0-0-1\" class=\"so-panel widget widget_text panel-last-child\" data-index=\"1\" ><h3 class=\"widget-title\">Corvette C3 -1977<\/h3>\t\t\t<div class=\"textwidget\"><p>J\u00e4ttik\u00f6 py\u00f6r\u00e4 tien p\u00e4\u00e4lle ja hinausta vailla? Yrityksemme eniten huomiota ker\u00e4nnyt ja hymy\u00e4 her\u00e4tt\u00e4v\u00e4 ty\u00f6juhta on valmiina palvelemaan kaudella. Moni tien laidasta noudettu asiakas onkin todennut, ett\u00e4 kyll\u00e4 potutti kun py\u00f6r\u00e4 hajosi, mutta en\u00e4\u00e4 ei nypi yht\u00e4\u00e4n niin paljoa kun pajalle ajellaan tyylikk\u00e4\u00e4sti.<\/p>\n<\/div>\n\t\t<\/div><\/div><\/div><div id=\"pg-1724-1\"  class=\"panel-grid panel-no-style\" ><div id=\"pgc-1724-1-0\"  class=\"panel-grid-cell\" ><div id=\"panel-1724-1-0-0\" class=\"so-panel widget widget_media_gallery panel-first-child panel-last-child\" data-index=\"2\" >\n\t\t<style type=\"text\/css\">\n\t\t\t#gallery-1 {\n\t\t\t\tmargin: auto;\n\t\t\t}\n\t\t\t#gallery-1 .gallery-item {\n\t\t\t\tfloat: left;\n\t\t\t\tmargin-top: 10px;\n\t\t\t\ttext-align: center;\n\t\t\t\twidth: 33%;\n\t\t\t}\n\t\t\t#gallery-1 img {\n\t\t\t\tborder: 2px solid #cfcfcf;\n\t\t\t}\n\t\t\t#gallery-1 .gallery-caption {\n\t\t\t\tmargin-left: 0;\n\t\t\t}\n\t\t\t\/* see gallery_shortcode() in wp-includes\/media.php *\/\n\t\t<\/style>\n\t\t<div id='gallery-1' class='gallery galleryid-1724 gallery-columns-3 gallery-size-thumbnail'><dl class='gallery-item'>\n\t\t\t<dt class='gallery-icon landscape'>\n\t\t\t\t<a href='https:\/\/www.iron-horse.bike\/wp-content\/uploads\/184574188_5448773378497488_672564049638930268_n.jpg'><img loading=\"lazy\" decoding=\"async\" width=\"150\" height=\"150\" src=\"https:\/\/www.iron-horse.bike\/wp-content\/uploads\/184574188_5448773378497488_672564049638930268_n-150x150.jpg\" class=\"attachment-thumbnail size-thumbnail\" alt=\"\" srcset=\"https:\/\/www.iron-horse.bike\/wp-content\/uploads\/184574188_5448773378497488_672564049638930268_n-150x150.jpg 150w, https:\/\/www.iron-horse.bike\/wp-content\/uploads\/184574188_5448773378497488_672564049638930268_n-45x45.jpg 45w\" sizes=\"auto, (max-width: 150px) 100vw, 150px\" \/><\/a>\n\t\t\t<\/dt><\/dl><dl class='gallery-item'>\n\t\t\t<dt class='gallery-icon landscape'>\n\t\t\t\t<a href='https:\/\/www.iron-horse.bike\/wp-content\/uploads\/184598396_5448773601830799_8637511429720091755_n-1.jpg'><img loading=\"lazy\" decoding=\"async\" width=\"150\" height=\"150\" src=\"https:\/\/www.iron-horse.bike\/wp-content\/uploads\/184598396_5448773601830799_8637511429720091755_n-1-150x150.jpg\" class=\"attachment-thumbnail size-thumbnail\" alt=\"\" srcset=\"https:\/\/www.iron-horse.bike\/wp-content\/uploads\/184598396_5448773601830799_8637511429720091755_n-1-150x150.jpg 150w, https:\/\/www.iron-horse.bike\/wp-content\/uploads\/184598396_5448773601830799_8637511429720091755_n-1-45x45.jpg 45w\" sizes=\"auto, (max-width: 150px) 100vw, 150px\" \/><\/a>\n\t\t\t<\/dt><\/dl><dl class='gallery-item'>\n\t\t\t<dt class='gallery-icon portrait'>\n\t\t\t\t<a href='https:\/\/www.iron-horse.bike\/wp-content\/uploads\/184475893_5448773531830806_8505913827887511679_n.jpg'><img loading=\"lazy\" decoding=\"async\" width=\"150\" height=\"150\" src=\"https:\/\/www.iron-horse.bike\/wp-content\/uploads\/184475893_5448773531830806_8505913827887511679_n-150x150.jpg\" class=\"attachment-thumbnail size-thumbnail\" alt=\"\" srcset=\"https:\/\/www.iron-horse.bike\/wp-content\/uploads\/184475893_5448773531830806_8505913827887511679_n-150x150.jpg 150w, https:\/\/www.iron-horse.bike\/wp-content\/uploads\/184475893_5448773531830806_8505913827887511679_n-45x45.jpg 45w\" sizes=\"auto, (max-width: 150px) 100vw, 150px\" \/><\/a>\n\t\t\t<\/dt><\/dl><br style=\"clear: both\" \/>\n\t\t<\/div>\n<\/div><\/div><div id=\"pgc-1724-1-1\"  class=\"panel-grid-cell\" ><div id=\"panel-1724-1-1-0\" class=\"so-panel widget widget_text panel-first-child panel-last-child\" data-index=\"3\" ><h3 class=\"widget-title\">Excalibur<\/h3>\t\t\t<div class=\"textwidget\"><p>Pienempiin kuljetuksiin meill\u00e4 on k\u00e4yt\u00f6ss\u00e4 oma maahantuomamme Excalibur per\u00e4k\u00e4rry johon mahtuu kaksi keskikokoista tai yksi suurempi moottoripy\u00f6r\u00e4. Vuokraamme my\u00f6s t\u00e4t\u00e4 k\u00e4rry\u00e4 asiakkaillemme kuljetustarpeen sattuessa.<\/p>\n<\/div>\n\t\t<\/div><\/div><\/div><div id=\"pg-1724-2\"  class=\"panel-grid panel-no-style\" ><div id=\"pgc-1724-2-0\"  class=\"panel-grid-cell\" ><div id=\"panel-1724-2-0-0\" class=\"so-panel widget widget_vets-divider-widget panel-first-child panel-last-child\" data-index=\"4\" ><hr style=\"margin-left:0px;margin-right:0px;margin-top:40px;margin-bottom:40px;\" \/><\/div><\/div><\/div><div id=\"pg-1724-3\"  class=\"panel-grid panel-no-style\" ><div id=\"pgc-1724-3-0\"  class=\"panel-grid-cell\" ><div id=\"panel-1724-3-0-0\" class=\"so-panel widget widget_text panel-first-child panel-last-child\" data-index=\"5\" ><h3 class=\"widget-title\">Scania R480<\/h3>\t\t\t<div class=\"textwidget\"><p>Yrityksemme ehdoton ty\u00f6juhta. Scania R480 on tuttu n\u00e4ky kes\u00e4isin kokoontumisajoissa joissa se toimii liikkuvana korjaamona. Korjaamovarustelu pit\u00e4\u00e4 sis\u00e4ll\u00e4\u00e4n k\u00e4yt\u00e4nn\u00f6ss\u00e4 t\u00e4ydellisen korjaamon. Mukana kulkee kattava varaosavalikoima, rengaskone, renkaat, k\u00e4sity\u00f6kalut, mig-hitsauslaite, kompressori, diagnostiikkalaitteet, py\u00f6r\u00e4nostin jne. Generaattorin ansiosta auto toimii tarvittaessa t\u00e4ysin omavaraisesti ilman ulkoista virtal\u00e4hdett\u00e4. Ohjaamo tarjoaa majoitustilan kahdelle. Muina aikoina auto palvelee kuljetustarpeissamme ja teemme my\u00f6s jossain m\u00e4\u00e4rin hyv\u00e4ntekev\u00e4isyytt\u00e4kin mm. kouluilla sek\u00e4 p\u00e4iv\u00e4kodeissa liikennevalistuksen muodossa. Teimme my\u00f6s joulukiertueen artsitien kanssa jossa kiersimme palvelukodeissa joululauluja laulamassa.<\/p>\n<\/div>\n\t\t<\/div><\/div><div id=\"pgc-1724-3-1\"  class=\"panel-grid-cell\" ><div id=\"panel-1724-3-1-0\" class=\"so-panel widget widget_media_gallery panel-first-child panel-last-child\" data-index=\"6\" ><h3 class=\"widget-title\">Scania<\/h3>\n\t\t<style type=\"text\/css\">\n\t\t\t#gallery-2 {\n\t\t\t\tmargin: auto;\n\t\t\t}\n\t\t\t#gallery-2 .gallery-item {\n\t\t\t\tfloat: left;\n\t\t\t\tmargin-top: 10px;\n\t\t\t\ttext-align: center;\n\t\t\t\twidth: 33%;\n\t\t\t}\n\t\t\t#gallery-2 img {\n\t\t\t\tborder: 2px solid #cfcfcf;\n\t\t\t}\n\t\t\t#gallery-2 .gallery-caption {\n\t\t\t\tmargin-left: 0;\n\t\t\t}\n\t\t\t\/* see gallery_shortcode() in wp-includes\/media.php *\/\n\t\t<\/style>\n\t\t<div id='gallery-2' class='gallery galleryid-1724 gallery-columns-3 gallery-size-thumbnail'><dl class='gallery-item'>\n\t\t\t<dt class='gallery-icon landscape'>\n\t\t\t\t<a href='https:\/\/www.iron-horse.bike\/wp-content\/uploads\/119037960_4327009017340602_4977132385828912638_n.jpg'><img loading=\"lazy\" decoding=\"async\" width=\"150\" height=\"150\" src=\"https:\/\/www.iron-horse.bike\/wp-content\/uploads\/119037960_4327009017340602_4977132385828912638_n-150x150.jpg\" class=\"attachment-thumbnail size-thumbnail\" alt=\"\" srcset=\"https:\/\/www.iron-horse.bike\/wp-content\/uploads\/119037960_4327009017340602_4977132385828912638_n-150x150.jpg 150w, https:\/\/www.iron-horse.bike\/wp-content\/uploads\/119037960_4327009017340602_4977132385828912638_n-45x45.jpg 45w\" sizes=\"auto, (max-width: 150px) 100vw, 150px\" \/><\/a>\n\t\t\t<\/dt><\/dl><dl class='gallery-item'>\n\t\t\t<dt class='gallery-icon landscape'>\n\t\t\t\t<a href='https:\/\/www.iron-horse.bike\/wp-content\/uploads\/119060482_4331185653589605_7183263096492960881_n.jpg'><img loading=\"lazy\" decoding=\"async\" width=\"150\" height=\"150\" src=\"https:\/\/www.iron-horse.bike\/wp-content\/uploads\/119060482_4331185653589605_7183263096492960881_n-150x150.jpg\" class=\"attachment-thumbnail size-thumbnail\" alt=\"\" srcset=\"https:\/\/www.iron-horse.bike\/wp-content\/uploads\/119060482_4331185653589605_7183263096492960881_n-150x150.jpg 150w, https:\/\/www.iron-horse.bike\/wp-content\/uploads\/119060482_4331185653589605_7183263096492960881_n-45x45.jpg 45w\" sizes=\"auto, (max-width: 150px) 100vw, 150px\" \/><\/a>\n\t\t\t<\/dt><\/dl><dl class='gallery-item'>\n\t\t\t<dt class='gallery-icon landscape'>\n\t\t\t\t<a href='https:\/\/www.iron-horse.bike\/wp-content\/uploads\/120346013_4428874530487383_1415785236899829204_n.jpg'><img loading=\"lazy\" decoding=\"async\" width=\"150\" height=\"150\" src=\"https:\/\/www.iron-horse.bike\/wp-content\/uploads\/120346013_4428874530487383_1415785236899829204_n-150x150.jpg\" class=\"attachment-thumbnail size-thumbnail\" alt=\"\" srcset=\"https:\/\/www.iron-horse.bike\/wp-content\/uploads\/120346013_4428874530487383_1415785236899829204_n-150x150.jpg 150w, https:\/\/www.iron-horse.bike\/wp-content\/uploads\/120346013_4428874530487383_1415785236899829204_n-45x45.jpg 45w\" sizes=\"auto, (max-width: 150px) 100vw, 150px\" \/><\/a>\n\t\t\t<\/dt><\/dl><br style=\"clear: both\" \/><dl class='gallery-item'>\n\t\t\t<dt class='gallery-icon landscape'>\n\t\t\t\t<a href='https:\/\/www.iron-horse.bike\/wp-content\/uploads\/118767667_4301187936589377_2567011763125307023_n.jpg'><img loading=\"lazy\" decoding=\"async\" width=\"150\" height=\"150\" src=\"https:\/\/www.iron-horse.bike\/wp-content\/uploads\/118767667_4301187936589377_2567011763125307023_n-150x150.jpg\" class=\"attachment-thumbnail size-thumbnail\" alt=\"\" srcset=\"https:\/\/www.iron-horse.bike\/wp-content\/uploads\/118767667_4301187936589377_2567011763125307023_n-150x150.jpg 150w, https:\/\/www.iron-horse.bike\/wp-content\/uploads\/118767667_4301187936589377_2567011763125307023_n-45x45.jpg 45w\" sizes=\"auto, (max-width: 150px) 100vw, 150px\" \/><\/a>\n\t\t\t<\/dt><\/dl><dl class='gallery-item'>\n\t\t\t<dt class='gallery-icon landscape'>\n\t\t\t\t<a href='https:\/\/www.iron-horse.bike\/wp-content\/uploads\/118149893_4248103311897840_657171851858616380_n.jpg'><img loading=\"lazy\" decoding=\"async\" width=\"150\" height=\"150\" src=\"https:\/\/www.iron-horse.bike\/wp-content\/uploads\/118149893_4248103311897840_657171851858616380_n-150x150.jpg\" class=\"attachment-thumbnail size-thumbnail\" alt=\"\" srcset=\"https:\/\/www.iron-horse.bike\/wp-content\/uploads\/118149893_4248103311897840_657171851858616380_n-150x150.jpg 150w, https:\/\/www.iron-horse.bike\/wp-content\/uploads\/118149893_4248103311897840_657171851858616380_n-45x45.jpg 45w\" sizes=\"auto, (max-width: 150px) 100vw, 150px\" \/><\/a>\n\t\t\t<\/dt><\/dl><dl class='gallery-item'>\n\t\t\t<dt class='gallery-icon landscape'>\n\t\t\t\t<a href='https:\/\/www.iron-horse.bike\/wp-content\/uploads\/133783993_4831177653590400_8438892666822076277_n.jpg'><img loading=\"lazy\" decoding=\"async\" width=\"150\" height=\"150\" src=\"https:\/\/www.iron-horse.bike\/wp-content\/uploads\/133783993_4831177653590400_8438892666822076277_n-150x150.jpg\" class=\"attachment-thumbnail size-thumbnail\" alt=\"\" srcset=\"https:\/\/www.iron-horse.bike\/wp-content\/uploads\/133783993_4831177653590400_8438892666822076277_n-150x150.jpg 150w, https:\/\/www.iron-horse.bike\/wp-content\/uploads\/133783993_4831177653590400_8438892666822076277_n-45x45.jpg 45w\" sizes=\"auto, (max-width: 150px) 100vw, 150px\" \/><\/a>\n\t\t\t<\/dt><\/dl><br style=\"clear: both\" \/><dl class='gallery-item'>\n\t\t\t<dt class='gallery-icon landscape'>\n\t\t\t\t<a href='https:\/\/www.iron-horse.bike\/wp-content\/uploads\/131435888_4781244705250362_2778197057022061894_n.jpg'><img loading=\"lazy\" decoding=\"async\" width=\"150\" height=\"150\" src=\"https:\/\/www.iron-horse.bike\/wp-content\/uploads\/131435888_4781244705250362_2778197057022061894_n-150x150.jpg\" class=\"attachment-thumbnail size-thumbnail\" alt=\"\" srcset=\"https:\/\/www.iron-horse.bike\/wp-content\/uploads\/131435888_4781244705250362_2778197057022061894_n-150x150.jpg 150w, https:\/\/www.iron-horse.bike\/wp-content\/uploads\/131435888_4781244705250362_2778197057022061894_n-45x45.jpg 45w\" sizes=\"auto, (max-width: 150px) 100vw, 150px\" \/><\/a>\n\t\t\t<\/dt><\/dl><dl class='gallery-item'>\n\t\t\t<dt class='gallery-icon landscape'>\n\t\t\t\t<a href='https:\/\/www.iron-horse.bike\/wp-content\/uploads\/133679987_4831177783590387_3429962689792813860_n.jpg'><img loading=\"lazy\" decoding=\"async\" width=\"150\" height=\"150\" src=\"https:\/\/www.iron-horse.bike\/wp-content\/uploads\/133679987_4831177783590387_3429962689792813860_n-150x150.jpg\" class=\"attachment-thumbnail size-thumbnail\" alt=\"\" srcset=\"https:\/\/www.iron-horse.bike\/wp-content\/uploads\/133679987_4831177783590387_3429962689792813860_n-150x150.jpg 150w, https:\/\/www.iron-horse.bike\/wp-content\/uploads\/133679987_4831177783590387_3429962689792813860_n-45x45.jpg 45w\" sizes=\"auto, (max-width: 150px) 100vw, 150px\" \/><\/a>\n\t\t\t<\/dt><\/dl><dl class='gallery-item'>\n\t\t\t<dt class='gallery-icon portrait'>\n\t\t\t\t<a href='https:\/\/www.iron-horse.bike\/wp-content\/uploads\/119001631_4328834630491374_4386782160921992432_n.jpg'><img loading=\"lazy\" decoding=\"async\" width=\"150\" height=\"150\" src=\"https:\/\/www.iron-horse.bike\/wp-content\/uploads\/119001631_4328834630491374_4386782160921992432_n-150x150.jpg\" class=\"attachment-thumbnail size-thumbnail\" alt=\"\" srcset=\"https:\/\/www.iron-horse.bike\/wp-content\/uploads\/119001631_4328834630491374_4386782160921992432_n-150x150.jpg 150w, https:\/\/www.iron-horse.bike\/wp-content\/uploads\/119001631_4328834630491374_4386782160921992432_n-45x45.jpg 45w\" sizes=\"auto, (max-width: 150px) 100vw, 150px\" \/><\/a>\n\t\t\t<\/dt><\/dl><br style=\"clear: both\" \/>\n\t\t<\/div>\n<\/div><\/div><\/div><\/div>","protected":false},"excerpt":{"rendered":"<p>J\u00e4ttik\u00f6 py\u00f6r\u00e4 tien p\u00e4\u00e4lle ja hinausta vailla? Yrityksemme eniten huomiota ker\u00e4nnyt ja hymy\u00e4 her\u00e4tt\u00e4v\u00e4 ty\u00f6juhta on valmiina palvelemaan kaudella. Moni tien laidasta noudettu asiakas onkin todennut, ett\u00e4 kyll\u00e4 potutti kun py\u00f6r\u00e4 hajosi, mutta en\u00e4\u00e4 ei nypi yht\u00e4\u00e4n niin paljoa kun pajalle ajellaan tyylikk\u00e4\u00e4sti. Pienempiin kuljetuksiin meill\u00e4 on k\u00e4yt\u00f6ss\u00e4 oma maahantuomamme Excalibur per\u00e4k\u00e4rry johon mahtuu kaksi [&hellip;]<\/p>\n<p class=\"more-link style2\"><a href=\"https:\/\/www.iron-horse.bike\/?page_id=1724\"  class=\"themebutton\"><span class=\"more-text\">READ MORE<\/span><span class=\"more-icon\"><i class=\"fa fa-angle-right fa-lg\"><\/i><\/span><\/a><\/p>\n","protected":false},"author":1,"featured_media":1726,"parent":0,"menu_order":0,"comment_status":"closed","ping_status":"closed","template":"","meta":{"footnotes":""},"categories":[],"tags":[],"class_list":["post-1724","page","type-page","status-publish","has-post-thumbnail","hentry"],"_links":{"self":[{"href":"https:\/\/www.iron-horse.bike\/index.php?rest_route=\/wp\/v2\/pages\/1724","targetHints":{"allow":["GET"]}}],"collection":[{"href":"https:\/\/www.iron-horse.bike\/index.php?rest_route=\/wp\/v2\/pages"}],"about":[{"href":"https:\/\/www.iron-horse.bike\/index.php?rest_route=\/wp\/v2\/types\/page"}],"author":[{"embeddable":true,"href":"https:\/\/www.iron-horse.bike\/index.php?rest_route=\/wp\/v2\/users\/1"}],"replies":[{"embeddable":true,"href":"https:\/\/www.iron-horse.bike\/index.php?rest_route=%2Fwp%2Fv2%2Fcomments&post=1724"}],"version-history":[{"count":7,"href":"https:\/\/www.iron-horse.bike\/index.php?rest_route=\/wp\/v2\/pages\/1724\/revisions"}],"predecessor-version":[{"id":2096,"href":"https:\/\/www.iron-horse.bike\/index.php?rest_route=\/wp\/v2\/pages\/1724\/revisions\/2096"}],"wp:featuredmedia":[{"embeddable":true,"href":"https:\/\/www.iron-horse.bike\/index.php?rest_route=\/wp\/v2\/media\/1726"}],"wp:attachment":[{"href":"https:\/\/www.iron-horse.bike\/index.php?rest_route=%2Fwp%2Fv2%2Fmedia&parent=1724"}],"wp:term":[{"taxonomy":"category","embeddable":true,"href":"https:\/\/www.iron-horse.bike\/index.php?rest_route=%2Fwp%2Fv2%2Fcategories&post=1724"},{"taxonomy":"post_tag","embeddable":true,"href":"https:\/\/www.iron-horse.bike\/index.php?rest_route=%2Fwp%2Fv2%2Ftags&post=1724"}],"curies":[{"name":"wp","href":"https:\/\/api.w.org\/{rel}","templated":true}]}}